{"id":43,"date":"2025-12-13T06:30:15","date_gmt":"2025-12-13T06:30:15","guid":{"rendered":"https:\/\/obrasmodernas.com.ar\/soluciones\/about\/"},"modified":"2025-12-15T23:58:41","modified_gmt":"2025-12-15T23:58:41","slug":"about","status":"publish","type":"page","link":"https:\/\/obrasmodernas.com.ar\/soluciones\/about\/","title":{"rendered":"Acerca de Nosotros"},"content":{"rendered":"\n\n\n<p>Lorem Ipsum has been the industry&#8217;s standard dummy text ever since the 1500s.<\/p>\n\n\n<h6>Sobre Nosotros<\/h6>\n<h2>Con\u00f3cenos Mejor<\/h2>\n<p>En Obras Modernas, nos dedicamos a la remodelaci\u00f3n inteligente y sostenible de propiedades, creando espacios que inspiran y perduran en el tiempo.<\/p>\n<p>Transformamos tus espacios con resultados que podr\u00e1s ver y sentir, aumentando as\u00ed el valor y la rentabilidad de tu propiedad.<\/p>\n<p>Ofrecemos un acompa\u00f1amiento permanente para entender y ajustar cada detalles seg\u00fan tus necesidades espec\u00edficas y presupuesto, para que la evaluaci\u00f3n del proyecto de inversi\u00f3n sea rentable.<\/p>\n\n\n\n\n\n<h2>Nuestro Propio Estilo es un aditivo de Valor<\/h2>\n<p>Nuestro sue\u00f1o siempre es transformarciones que crean Valor, y nunca descansamos hasta encontrar la idea genial, correcta y creativa.<\/p>\n<p>Exigimos detalles de terminaciones de alta calidad, sabemos que eso nos lleva mucho esfuerzo pero el resultado es lo que se ve a simple vista.<\/p>\n<p>Reformamos con un estilo moderno, funcional, acogedor y \u00fanico basado en una estrategia de dise\u00f1o innovadora, moderna y con tendencia actual.<\/p>\n\n\n\n<p>Lorem Ipsum has been the industry&#8217;s standard dummy text ever since the 1500s.<\/p>\n\n\n\n\n<p>Lorem Ipsum has been the industry&#8217;s standard dummy text ever since the 1500s.<\/p>\n\n\n\n<h2>Preguntas Frecuentes<\/h2>\n<p>Resolvemos tus dudas m\u00e1s comunes sobre nuestras remodelaciones.<\/p>\n\n\n\n\n<P>Los plazos pueden variar seg\u00fan el tipo de obra, pero trabajamos para cumplir con lo acordado y tener una comunicaci\u00f3n continua durante todo el proceso.<\/P>\n\n\n\n\n\n\n<P>Los pagos se dividen en etapas acordadas, y se informan claramente antes de iniciar el proyecto para asegurar transparencia.<\/P>\n\n\n\n\n\n\n<P>Dependiendo del tipo de obra, podemos asesorarte sobre los permisos requeridos y ayudar en su gesti\u00f3n.<\/P>\n\n\n\n\n\n\n\n\n<h6>Testimonios de Clientes Satisfechos<\/h2>\n<h2>Lo Que Dicen Nuestros Clientes<\/h2>\n\n\n<p>Gracias a Lorena Giobellini, mi departamento ahora es un lugar incre\u00edble para vivir. &#8211; Mario Gonz\u00e1lez, Palermo<\/p>\n\n\n<p>Totalmente recomendables, cumplieron con cada uno de los plazos prometidos, estoy haciendo un gran negocio. &#8211; Juan P\u00e9rez, Belgrano<\/p>\n\n\n<p>Excelente servicio y resultados sorprendentes, mi casa ahora tiene un nuevo aire. &#8211; Luc\u00eda Mart\u00ednez, San Isidro<\/p>\n\n\n\n\n","protected":false},"excerpt":{"rendered":"","protected":false},"author":1,"featured_media":0,"parent":0,"menu_order":0,"comment_status":"closed","ping_status":"closed","template":"","meta":{"pagelayer_contact_templates":[],"_pagelayer_content":"","footnotes":""},"class_list":["post-43","page","type-page","status-publish","hentry"],"_links":{"self":[{"href":"https:\/\/obrasmodernas.com.ar\/soluciones\/wp-json\/wp\/v2\/pages\/43","targetHints":{"allow":["GET"]}}],"collection":[{"href":"https:\/\/obrasmodernas.com.ar\/soluciones\/wp-json\/wp\/v2\/pages"}],"about":[{"href":"https:\/\/obrasmodernas.com.ar\/soluciones\/wp-json\/wp\/v2\/types\/page"}],"author":[{"embeddable":true,"href":"https:\/\/obrasmodernas.com.ar\/soluciones\/wp-json\/wp\/v2\/users\/1"}],"replies":[{"embeddable":true,"href":"https:\/\/obrasmodernas.com.ar\/soluciones\/wp-json\/wp\/v2\/comments?post=43"}],"version-history":[{"count":9,"href":"https:\/\/obrasmodernas.com.ar\/soluciones\/wp-json\/wp\/v2\/pages\/43\/revisions"}],"predecessor-version":[{"id":94,"href":"https:\/\/obrasmodernas.com.ar\/soluciones\/wp-json\/wp\/v2\/pages\/43\/revisions\/94"}],"wp:attachment":[{"href":"https:\/\/obrasmodernas.com.ar\/soluciones\/wp-json\/wp\/v2\/media?parent=43"}],"curies":[{"name":"wp","href":"https:\/\/api.w.org\/{rel}","templated":true}]}}